 47.
47
Calculate the highest common factor of 32747 and 22.
11
What is the greatest common factor of 215 and 5?
5
What is the greatest common factor of 152 and 88?
8
Calculate the greatest common factor of 1104 and 168.
24
Calculate the greatest common divisor of 21 and 21.
21
Calculate the highest common divisor of 57 and 18.
3
What is the greatest common factor of 837 and 31?
31
Calculate the greatest common divisor of 40 and 25.
5
What is the greatest common factor of 105 and 84?
21
What is the highest common divisor of 216 and 10?
2
What is the greatest common divisor of 7470 and 12?
6
Calculate the highest common divisor of 213 and 3337.
71
Calculate the greatest common divisor of 21 and 32004.
21
Calculate the highest common divisor of 140 and 756.
28
Calculate the highest common factor of 1475 and 236.
59
Calculate the greatest common divisor of 102 and 30.
6
Calculate the highest common divisor of 330 and 14025.
165
What is the highest common divisor of 31402 and 28?
14
What is the greatest common divisor of 1166 and 530?
106
Calculate the greatest common divisor of 550 and 418.
22
What is the highest common divisor of 2449 and 62?
31
What is the highest common factor of 21 and 273?
21
What is the greatest common divisor of 36 and 44046?
18
Calculate the highest common divisor of 214 and 1177.
107
Calculate the highest common factor of 10660 and 26.
26
What is the greatest common factor of 112 and 812?
28
Calculate the greatest common divisor of 10 and 5615.
5
Calculate the highest common factor of 2160 and 560.
80
Calculate the greatest common divisor of 525 and 45.
15
What is the highest common factor of 6 and 2?
2
What is the highest common factor of 176 and 1298?
22
What is the highest common factor of 2709 and 63?
63
What is the highest common factor of 975 and 30?
15
What is the highest common divisor of 380 and 20?
20
What is the greatest common divisor of 156 and 4524?
156
Calculate the highest common divisor of 9 and 3537.
9
Calculate the highest common factor of 66 and 176.
22
Calculate the greatest common divisor of 2295 and 425.
85
What is the greatest common factor of 5 and 3?
1
Calculate the greatest common divisor of 180 and 240.
60
What is the greatest common divisor of 11 and 18?
1
What is the greatest common divisor of 51 and 16167?
51
What is the highest common divisor of 208 and 13?
13
What is the highest common divisor of 297 and 162?
27
What is the greatest common divisor of 616 and 22?
22
What is the greatest common divisor of 180 and 121140?
180
Calculate the greatest common divisor of 38 and 76.
38
What is the highest common divisor of 44 and 148324?
44
What is the greatest common divisor of 663 and 85?
17
Calculate the greatest common divisor of 169 and 273.
13
What is the greatest common factor of 228 and 324?
12
Calculate the greatest common divisor of 28 and 8708.
28
What is the highest common factor of 23 and 23?
23
What is the greatest common divisor of 1209 and 351?
39
What is the highest common divisor of 1701 and 36?
9
What is the greatest common factor of 128 and 928?
32
Calculate the greatest common divisor of 15 and 5475.
15
What is the highest common factor of 378 and 14?
14
Calculate the highest common factor of 9339 and 22.
11
Calculate the highest common divisor of 15 and 10860.
15
Calculate the highest common divisor of 357 and 147.
21
What is the greatest common divisor of 1161 and 86?
43
What is the greatest common factor of 104 and 1768?
104
What is the greatest common factor of 231 and 35?
7
Calculate the highest common factor of 17290 and 28.
14
Calculate the highest common factor of 116 and 20.
4
Calculate the greatest common factor of 115 and 92.
23
What is the highest common factor of 40 and 220?
20
Calculate the highest common factor of 483 and 21.
21
Calculate the greatest common factor of 25 and 145.
5
What is the greatest common divisor of 2825 and 25?
25
What is the highest common factor of 90 and 270?
90
Calculate the highest common factor of 28 and 2828.
28
Calculate the greatest common divisor of 620 and 20.
20
Calculate the highest common divisor of 8 and 2916.
4
Calculate the highest common divisor of 17 and 2771.
17
Calculate the highest common divisor of 50 and 18.
2
What is the highest common factor of 140 and 3710?
70
What is the highest common divisor of 261 and 58?
29
Calculate the greatest common factor of 486 and 264.
6
What is the greatest common factor of 4037 and 11?
11
What is the greatest common divisor of 78 and 39?
39
What is the greatest common divisor of 1 and 4289?
1
Calculate the highest common divisor of 909 and 9.
9
Calculate the highest common divisor of 99 and 198.
99
What is the highest common divisor of 360 and 270?
90
Calculate the highest common divisor of 737 and 671.
11
Calculate the greatest common factor of 12 and 3756.
12
What is the greatest common divisor of 200 and 350?
50
Calculate the greatest common divisor of 1664 and 195.
13
What is the greatest common factor of 54 and 19494?
54
Calculate the highest common factor of 2500 and 10.
10
Calculate the highest common factor of 28 and 2786.
14
What is the highest common factor of 21 and 50?
1
What is the highest common divisor of 96 and 984?
24
What is the greatest common factor of 40 and 1680?
40
Calculate the highest common divisor of 408 and 2808.
24
Calculate the highest common divisor of 107 and 428.
107
Calculate the greatest common factor of 5681 and 598.
299
Calculate the greatest common factor of 76092 and 17.
17
What is the highest common divisor of 36 and 4608?
36
Calculate the highest common divisor of 200 and 480.
40
Calculate the greatest common factor of 649 and 11.
11
Calculate the highest common factor of 1089 and 9.
9
What is the highest common divisor of 30 and 1230?
30
Calculate the greatest common divisor of 232 and 32.
8
What is the highest common factor of 102 and 544?
34
Calculate the highest common divisor of 2565 and 95.
95
What is the greatest common divisor of 3 and 203?
1
What is the highest common divisor of 35 and 1890?
35
Calculate the highest common factor of 56 and 104.
8
What is the highest common divisor of 1515 and 765?
15
What is the highest common factor of 12 and 488?
4
What is the highest common divisor of 416 and 128?
32
Calculate the highest common factor of 212 and 32.
4
Calculate the highest common factor of 1458 and 6.
6
What is the highest common factor of 100 and 6250?
50
What is the highest common factor of 736 and 92?
92
Calculate the highest common divisor of 1250 and 350.
50
What is the highest common divisor of 1405 and 20?
5
What is the highest common divisor of 45 and 333?
9
Calculate the highest common factor of 3936 and 738.
246
What is the greatest common factor of 200 and 1160?
40
Calculate the greatest common factor of 132 and 4092.
132
What is the greatest common divisor of 12 and 204?
12
Calculate the greatest common divisor of 13968 and 288.
144
What is the highest common factor of 33975 and 50?
25
What is the highest common factor of 69 and 897?
69
Calculate the greatest common divisor of 25497 and 27.
9
Calculate the highest common divisor of 6 and 46.
2
What is the highest common factor of 184 and 414?
46
What is the greatest common divisor of 59157 and 567?
189
Calculate the greatest common divisor of 26 and 65.
13
What is the greatest common factor of 406 and 14094?
58
Calculate the greatest common factor of 1134 and 84.
42
What is the greatest common factor of 18 and 12?
6
Calculate the greatest common divisor of 13952 and 109.
109
Calculate the greatest common factor of 50724 and 36.
36
Calculate the highest common factor of 35 and 6055.
35
Calculate the greatest common factor of 297 and 9.
9
Calculate the highest common divisor of 14 and 154.
14
What is the greatest common divisor of 11 and 1859?
11
What is the greatest common factor of 57435 and 5?
5
Calculate the highest common factor of 20 and 50.
10
Calculate the highest common factor of 294 and 63.
21
What is the highest common factor of 5513 and 149?
149
What is the greatest common factor of 920 and 207?
23
Calculate the greatest common divisor of 980 and 60.
20
What is the greatest common factor of 118 and 11033?
59
What is the greatest common factor of 41 and 1